) = -l**2 + 36*l - 76. Determine d(17).
247
Let p(y) = 5*y**2 - y + 6. Calculate p(-3).
54
Let w(t) = 4*t**2 - 21*t - 52. Determine w(0).
-52
Let h(w) = w**2 - 156*w + 1455. Determine h(10).
-5
Let u(j) = -208*j - 2297. Calculate u(-11).
-9
Let y(f) = 1935*f - 29010. What is y(15)?
15
Let n(z) = z**2 - 27*z + 159. Give n(7).
19
Let l(i) = -10*i**3 + 47*i + 46. What is l(-1)?
9
Let v(j) = 37*j**2 + 316*j - 166. Give v(-9).
-13
Let s(v) = -141*v + 136. What is s(1)?
-5
Let g(l) = -3*l**2 - 416*l + 35760. What is g(60)?
0
Let u(j) = -j**2 + 44*j - 234. What is u(38)?
-6
Let v(y) = y**3 + 4*y**2 - 3*y - 10. What is v(-5)?
-20
Let n(f) = 19*f**3 - 249*f**2 + 26*f - 8. Give n(13).
-8
Let x(h) = -5*h**2 - 181*h + 1768. Give x(8).
0
Let k(h) = h**3 + 14*h**2 + 284*h + 3981. Calculate k(-14).
5
Let o(m) = 67*m**2 + 95*m - 44. What is o(-2)?
34
Let d(p) = 32*p**2 + 101*p + 8. Determine d(-3).
-7
Let w(f) = 5*f**3 - 5*f**2 - 3*f - 3. What is w(-2)?
-57
Let o(s) = s**2 - 233*s - 10000. Determine o(-37).
-10
Let d(p) = 11*p**2 - 759*p + 4154. Give d(63).
-4
Let x(v) = -v**2 - 60*v - 81. What is x(-60)?
-81
Let c(l) = l**3 + 13*l**2 + 214*l + 3663. Calculate c(-15).
3
Let a(q) = q**2 + 33*q + 281. What is a(-18)?
11
Let r(q) = q**3 + 52*q**2 + 93*q + 2155. Determine r(-51).
13
Let n(b) = -11*b**2 + 1256*b + 1044. Determine n(115).
9
Let a(v) = v - 32. Give a(28).
-4
Let l(x) = -x**2 + 163*x - 3094. Give l(22).
8
Let n(z) = -z**3 - 18*z**2 - 18*z - 82. Calculate n(-17).
-65
Let u(g) = g**3 + 18*g**2 - 3*g - 13. Calculate u(-18).
41
Let n(o) = -74*o - 530. Calculate n(-11).
284
Let d(o) = 2*o**2 - 31*o + 75. What is d(19)?
208
Let c(v) = -2*v**2 + 98*v - 909. What is c(37)?
-21
Let x(n) = 2*n**2 - 108*n + 496. Give x(50).
96
Let v(u) = -2*u**3 - 4*u**2 + 28*u + 45. Calculate v(-4).
-3
Let g(l) = -l**2 + 4*l + 595. What is g(26)?
23
Let c(v) = 7*v**2 - 22*v + 9. Give c(5).
74
Let l(m) = 3*m**2 - 154*m + 551. Give l(4).
-17
Let t(z) = -342*z - 3877. Give t(-12).
227
Let r(u) = -29*u**2 - 42*u - 38. Determine r(-3).
-173
Let y(q) = 4*q**2 + 24*q + 89. Determine y(-6).
89
Let z(y) = y**3 + 36*y**2 + 203*y + 3. Calculate z(-6).
-135
Let z(r) = 27*r + 156. Give z(5).
291
Let t(z) = 583*z + 25. What is t(0)?
25
Let q(h) = -h**3 - 99*h**2 + 195*h - 695. Calculate q(-101).
12
Let j(z) = 2*z**3 + 26*z**2 + 69*z + 262. Calculate j(-11).
-13
Let y(t) = -14*t**2 + 63*t + 191. Calculate y(-2).
9
Let d(a) = 665*a - 173578. Give d(261).
-13
Let u(j) = 202*j + 2. Calculate u(0).
2
Let o(c) = 2*c**3 - 63*c**2 + 25*c + 160. Give o(31).
-26
Let j(u) = 15*u**2 - 2009*u - 99. What is j(134)?
35
Let y(t) = 9*t**3 + 63*t**2 + 49*t + 334. Determine y(-7).
-9
Let u(r) = -r**3 - 136*r**2 - 258*r + 1344. Calculate u(-134).
4
Let m(o) = -o**3 - 28*o**2 + 217*o + 5486. Give m(-29).
34
Let v(h) = h - 36. Calculate v(22).
-14
Let n(i) = -4*i**2 + 86*i - 121. Calculate n(20).
-1
Let g(p) = -3*p**2 + 41*p - 101. Determine g(21).
-563
Let q(h) = 6*h**2 - 33*h + 118. Calculate q(5).
103
Let f(w) = w**3 - 35*w**2 + 31*w + 114. What is f(34)?
12
Let n(x) = x**2 - 43*x - 232. Determine n(-5).
8
Let k(s) = 9862*s - 49317. What is k(5)?
-7
Let r(i) = 2*i**3 + 5*i**2 - 6*i + 12. Calculate r(-6).
-204
Let j(o) = -2*o**3 - 29*o**2 - 11*o - 144. Give j(-15).
246
Let f(u) = 22*u**2 - 731*u + 89. What is f(33)?
-76
Let y(m) = -19*m**2 + 1804*m + 101. Determine y(95).
6
Let j(a) = 42*a - 216. Determine j(5).
-6
Let s(v) = -26*v**3 + 19*v**2 - 2*v. What is s(2)?
-136
Let y(r) = -685*r + 280842. Calculate y(410).
-8
Let v(w) = -54*w**2 - 393*w - 45. Calculate v(-8).
-357
Let i(q) = 3*q**3 - 17*q**2 - 20*q + 82. Calculate i(5).
-68
Let n(g) = -2*g**2 + 10*g - 13. Determine n(12).
-181
Let x(q) = -q**2 + 116*q + 479. Give x(-4).
-1
Let y(s) = 2*s**3 - 51*s**2 + 68*s + 20. What is y(24)?
-76
Let t(v) = v**3 + 58*v**2 + 699*v + 104. Give t(-41).
22
Let y(h) = -2*h**2 - 1473*h + 34938. Give y(23).
1
Let d(q) = -33*q + 611. Give d(22).
-115
Let b(y) = -14*y - 122. Determine b(-7).
-24
Let q(m) = -192*m - 2831. What is q(-14)?
-143
Let k(u) = 5*u**2 + 12*u - 497. Calculate k(-11).
-24
Let v(b) = -26*b - 3152. Calculate v(-135).
358
Let d(i) = 596*i + 150187. What is d(-252)?
-5
Let l(s) = -2*s**2 - 26*s - 4. Give l(-14).
-32
Let r(m) = 263*m - 6795. Calculate r(26).
43
Let b(h) = h**3 + 36*h**2 + 161*h + 187. Determine b(-31).
1
Let n(a) = -13*a + 471. Calculate n(33).
42
Let v(c) = 14*c**2 + 6*c - 196. Determine v(4).
52
Let a(u) = -262*u + 787. Give a(3).
1
Let g(v) = -4*v**2 - 601*v + 1046. Give g(-152).
-18
Let g(m) = 419*m + 9226. Give g(-22).
8
Let n(i) = -9*i + 9. What is n(-26)?
243
Let d(h) = h**2 - 139*h + 2933. What is d(113)?
-5
Let x(s) = -136*s - 283. Determine x(-2).
-11
Let y(q) = -2*q**2 - 80*q - 736. Determine y(-23).
46
Let g(t) = -t**3 - 3*t**2 - 96*t + 202. Calculate g(2).
-10
Let a(b) = 3*b**2 + 103*b + 156. Determine a(-33).
24
Let j(x) = -x**2 - 5*x + 96. Determine j(-13).
-8
Let r(l) = -8*l**2 + 1190*l - 873. Calculate r(148).
15
Let d(x) = 17*x**3 - 6*x**2 + 15*x - 19. Determine d(3).
431
Let s(j) = -j**2 - 129*j - 648. What is s(-5)?
-28
Let x(z) = -z**3 - 2*z**2 - 5*z + 8. Determine x(1).
0
Let t(x) = 2315*x + 11623. Give t(-5).
48
Let x(y) = -2677*y + 16061. Calculate x(6).
-1
Let w(l) = -418*l + 2535. Determine w(6).
27
Let c(t) = -t**3 + 14*t**2 - 40*t + 417. What is c(13)?
66
Let n(y) = -y**2 - 41*y + 87. Determine n(-42).
45
Let v(h) = -1249*h - 10. What is v(0)?
-10
Let u(a) = -3*a**2 + 84*a - 989. Give u(11).
-428
Let m(h) = h**2 + 13*h. Determine m(-11).
-22
Let m(u) = u**2 - 7*u - 51. Give m(-4).
-7
Let i(w) = w**2 - 32*w - 140. Give i(-4).
4
Let j(m) = -m**3 + 10*m**2 - 5*m + 18. Determine j(8).
106
Let a(w) = 3*w**3 - 4*w**2 + w - 5. Give a(0).
-5
Let c(d) = 2*d**2 - 34*d + 82. Calculate c(10).
-58
Let o(b) = -b**2 + 508*b - 1514. Calculate o(3).
1
Let g(k) = 4*k**2 - 82*k + 324. Determine g(15).
-6
Let b(f) = 7*f**2 + 272*f + 68. Give b(-38).
-160
Let j(a) = a**2 + 19*a - 116. Give j(7).
66
Let m(f) = -f + 72. Give m(72).
0
Let y(f) = f**2 - 3*f - 82. Determine y(-6).
-28
Let n(q) = -2*q**3 - 76*q**2 + 81*q - 89. Give n(-39).
-206
Let x(g) = 980*g - 2939. What is x(3)?
1
Let q(v) = 6*v**2 - 768*v - 5671. Calculate q(135).
-1
Let h(s) = 2*s**2 - 78*s - 719. Give h(-8).
33
Let t(y) = -21*y + 294. Determine t(14).
0
Let n(v) = 16*v**3 + 192*v**2 - 2*v - 27. Determine n(-12).
-3
Let p(q) = -3438*q - 611962. Determine p(-178).
2
Let q(v) = -2*v**2 + 107*v - 1071. Calculate q(13).
-18
Let n(f) = f**3 - 34*f**2 + 41*f - 100. Give n(33).
164
Let r(n) = -n**2 + 5*n + 1266. Calculate r(38).
12
Let p(v) = -79*v - 53. Determine p(-1).
26
Let o(i) = -43*i - 251. Determine o(-6).
7
Let b(w) = 4*w**2 - 99*w. Determine b(18).
-486
Let w(c) = c**3 + 37*c**2 + 9*c + 305. Determine w(-37).
-28
Let l(s) = s**2 - 1183*s + 2367. Calculate l(2).
5
Let q(r) = 760*r + 5316. Calculate q(-7).
-4
Let i(o) = -o**3 - 9*o**2 + 8*o + 41. Give i(-9).
-31
Let y(t) = 64*t**2 + 383*t + 5. Determine y(-6).
11
Let j(f) = f**3 - 13*f**2 - 197*f - 33. Calculate j(22).
-11
Let a(f) = -2*f**2 + 2912*f - 8734. Determine a(3).
-16
Let i(t) = -t**2 + 30*t - 4. What is i(7)?
157
Let s(n) = -n**2 - 37*n + 9. Give s(-9).
261
Let x(o) = 3*o**3 - o**2 - 41*o + 4. Give x(6).
370
Let n(f) = -2*f**3 - 13*f**2 + 15*f + 48. Determine n(-7).
-8
Let g(f) = -78*f + 1445. Give g(19).
-37
Let y(v) = -2*v**2 + 88*v - 382. What is y(39)?
8
Let q(z) = 138*z - 1306. Calculate q(11).
212
Let t(x) = x**3 - 11*x**2 + 10*x - 14. What is t(3)?
-56
Let k(h) = 3*h**3 - 63*h**2 + 203*h + 69. Determine k(17).
52
Let g(d) = 1729*d - 6930. What is g(4)?
-14
Let j(g) = g - 14. Give j(24).
10
Let j(a) = 23*a - 156. What is j(7)?
5
Let h(p) = -p**3 - 12*p**2 - 399*p - 5338. What is h(-13)?
18
Let w(k) = 8*k**2 - 9*k - 765. Determine w(-9).
-36
Let u(z) = 3*z**3 + 21*z**2 - 23*z + 1. Calculate u(1).
2
Let c(u) = -2*u**3 - 24*u**2 - 103*u - 59. Determine c(-8).
253
Let j(z) = 922*z + 958. Give j(-1).
36
Let u(x) = -67*x + 532. What is u(8)?
-4
Let h(l) = l**3 - 4*l**2 - 95*l + 336. Give h(10).
-14
Let o(i) = 104*i + 296. What is o(-3)?
-16
Let i(j) = -5*j**2 - 65*j - 107. Determine i(-9).
73
Let z(c) = 2*c**3 - 127*c**2 + 716*c - 153. What is z(6)?
